*w**2 + 16*w - 79. Determine k(6).
17
Let d(m) = -56*m**2 - 3190*m + 139. Determine d(-57).
25
Let h(x) = -x**2 - 4*x + 9. What is h(-3)?
12
Let w(u) = 3*u**2 + 3*u - 110. Give w(-7).
16
Let n(o) = -o**3 + 12*o**2 + 32*o - 118. What is n(14)?
-62
Let u(k) = -20496*k + 204964. Calculate u(10).
4
Let r(t) = -341*t**2 + 3769*t - 192. Calculate r(11).
6
Let s(j) = -j**2 + 14*j + 1036. What is s(40)?
-4
Let l(k) = -38*k**2 + 228*k - 10. Give l(6).
-10
Let s(n) = n**2 - 6*n - 88. What is s(9)?
-61
Let x(b) = -16*b - 81. Determine x(-10).
79
Let a(g) = -15*g**2 + 375*g + 374. Give a(-1).
-16
Let q(m) = -3*m**2 - 6*m + 26. Give q(-7).
-79
Let n(l) = l**3 - 29*l**2 + 120*l + 28. Calculate n(24).
28
Let o(j) = -17*j - 44. Determine o(-7).
75
Let h(c) = -5*c**2 - 37*c + 181. Give h(5).
-129
Let k(z) = -38*z**2 - 599*z - 937. Give k(-14).
1
Let z(o) = 5*o**2 - 9*o + 5. Determine z(2).
7
Let c(g) = 10*g**2 - 71*g - 38. Calculate c(8).
34
Let j(o) = -10*o**2 - 425*o + 2562. Calculate j(6).
-348
Let o(r) = -11*r**2 + 4*r - 11. Calculate o(-6).
-431
Let u(b) = 10*b**2 - 72*b - 26. Determine u(12).
550
Let g(p) = -42*p - 1. Calculate g(-2).
83
Let q(u) = -10*u + 922. Give q(53).
392
Let t(h) = -123*h**3 + h**2 + 5*h - 5. What is t(1)?
-122
Let s(l) = -151*l**2 + 685*l - 324. What is s(4)?
0
Let i(z) = z**2 + 127*z + 370. What is i(-3)?
-2
Let b(s) = s**2 - 5*s + 32. Determine b(7).
46
Let u(d) = -2*d**3 + 296*d**2 + 1230*d - 2147. What is u(152)?
-19
Let b(w) = -121*w - 739. Give b(-8).
229
Let o(d) = d**3 - 22*d**2 - 2*d - 41. Calculate o(22).
-85
Let m(i) = 6*i - 91. Determine m(9).
-37
Let m(b) = -17*b - 1021. Give m(-47).
-222
Let s(x) = 63*x - 394. Give s(7).
47
Let f(d) = -159*d + 982. Determine f(6).
28
Let w(n) = 8*n - 65. Give w(13).
39
Let l(h) = 4727*h - 4726. What is l(1)?
1
Let c(q) = -15*q - 206. What is c(-17)?
49
Let q(z) = -z**3 - 3*z**2 - 3*z + 77. Determine q(0).
77
Let w(s) = -64*s - 528. Determine w(-11).
176
Let f(d) = -d**2 - 297*d - 9622. Determine f(-260).
-2
Let u(a) = 2*a**2 + 83*a + 136. What is u(-40)?
16
Let v(w) = -w**2 + 214*w - 2030. Calculate v(10).
10
Let p(g) = -3*g**2 + 3*g + 15. What is p(-5)?
-75
Let r(p) = 64*p - 349. Determine r(6).
35
Let d(t) = t**2 - 10*t - 1132. Determine d(39).
-1
Let f(d) = d**3 + 10*d**2 - 341*d - 2833. Calculate f(-8).
23
Let k(x) = -10*x + 597. Give k(55).
47
Let k(y) = 27*y + 30. Calculate k(12).
354
Let g(z) = -734*z**2 + 3672*z - 8. Calculate g(5).
2
Let x(k) = k**2 - 44*k + 500. Determine x(22).
16
Let x(d) = -23*d + 186. Give x(9).
-21
Let m(x) = x**2 - 20*x - 40. What is m(23)?
29
Let b(i) = -7*i - 190. Determine b(-28).
6
Let u(i) = -214*i - 33815. Give u(-158).
-3
Let d(p) = p**2 - 144*p + 830. What is d(6)?
2
Let j(z) = 2706*z - 184010. Calculate j(68).
-2
Let d(v) = -6*v**2 - 15*v + 75. Give d(8).
-429
Let s(q) = 3*q**2 + 41*q - 69. What is s(5)?
211
Let z(g) = -3*g**2 - 131*g + 625. What is z(-48)?
1
Let d(m) = 82*m**3 + 2*m**2 + 5*m - 7. Give d(1).
82
Let i(g) = -92*g + 4. Determine i(1).
-88
Let l(k) = -1906*k + 1908. Determine l(1).
2
Let g(d) = d**2 + 16*d + 83. Calculate g(-18).
119
Let z(g) = -375*g - 2995. Determine z(-8).
5
Let y(a) = -a**3 - 3*a**2 + 12*a + 15. What is y(-5)?
5
Let b(q) = -q**2 + 17*q + 383. Give b(30).
-7
Let t(d) = -6*d + 115. Give t(-3).
133
Let j(g) = -630*g + 658. Give j(1).
28
Let t(x) = -15*x**2 + 480*x - 6. Calculate t(32).
-6
Let i(w) = 3*w**3 + 11*w**2 - 16*w - 69. Give i(-3).
-3
Let p(d) = d**3 - 164*d**2 - 511*d + 1641. Determine p(167).
-29
Let s(q) = -1024*q + 2045. Determine s(2).
-3
Let x(u) = -u**2 - 207*u - 5158. Calculate x(-178).
4
Let p(q) = -106*q - 610. Calculate p(-6).
26
Let r(w) = 3*w**2 - 5398*w - 5397. Determine r(-1).
4
Let z(y) = -y**3 - 27*y**2 + 47*y + 1265. What is z(-27)?
-4
Let n(h) = -2*h**3 + 102*h**2 - 5*h + 263. Determine n(51).
8
Let m(b) = 2*b**3 + 72*b**2 + 405*b - 16. Calculate m(-29).
13
Let h(v) = 8*v**2 + 330*v - 255. Give h(-42).
-3
Let j(l) = -25*l - 1358. Determine j(-55).
17
Let o(a) = 41*a + 369. Give o(-9).
0
Let l(f) = 3*f**2 - 162*f + 603. Calculate l(4).
3
Let h(z) = 55*z - 1924. Calculate h(36).
56
Let i(z) = -2*z**2 - 13*z + 890. Calculate i(18).
8
Let q(o) = 23*o**2 - 345*o - 1. Determine q(15).
-1
Let q(a) = -2542*a - 5096. What is q(-2)?
-12
Let g(d) = -1169*d - 7031. Determine g(-6).
-17
Let q(h) = 2*h**3 - 6*h**2 + 5*h + 10. Calculate q(5).
135
Let m(i) = i**3 + 10*i**2 - 366*i - 4243. Determine m(-13).
8
Let z(w) = -w**3 + 17*w**2 + 19*w + 23. Calculate z(18).
41
Let x(z) = -z**2 + 26*z - 205. Determine x(15).
-40
Let d(k) = 33*k**3 - 624*k**2 - 58*k + 36. Determine d(19).
17
Let m(p) = 11*p**2 - 27*p + 123. Determine m(11).
1157
Let c(l) = l**3 + 2*l**2 + 9*l + 5. What is c(-2)?
-13
Let q(g) = -g**2 + 21*g + 122. Determine q(35).
-368
Let h(l) = l**3 + 5*l**2 + 14*l - 14. Calculate h(-4).
-54
Let y(r) = -2*r**2 + 27*r - 32. Determine y(13).
-19
Let v(r) = r**3 + 7*r**2 - 59*r - 36. Determine v(-8).
372
Let k(i) = -i**3 - 81*i**2 - 213*i - 4308. Give k(-79).
37
Let z(o) = o**2 - 1123*o - 9050. Give z(-8).
-2
Let x(g) = 274*g + 6835. What is x(-25)?
-15
Let x(h) = -h**3 + 6*h**2 + 10*h - 36. Determine x(7).
-15
Let n(a) = a**3 - 72*a**2 - 135*a - 955. What is n(74)?
7
Let u(x) = 177*x**3 + x**2 - 3*x + 2. Determine u(1).
177
Let s(r) = 83*r + 4794. Give s(-56).
146
Let r(q) = -2*q**2 - 26*q - 80. What is r(-4)?
-8
Let f(u) = u**2 + 154*u - 5113. Calculate f(28).
-17
Let k(z) = -z**3 + 67*z**2 - 138*z + 371. What is k(65)?
-149
Let b(l) = -l**3 + 12*l**2 + 83*l - 1016. Determine b(10).
14
Let r(c) = 553*c - 2789. Calculate r(5).
-24
Let d(y) = -19*y - 66. Give d(-4).
10
Let i(g) = -g**2 + 3*g + 81. Calculate i(12).
-27
Let s(b) = -350*b - 6345. Calculate s(-18).
-45
Let r(z) = 3*z**2 - 36*z - 157. Calculate r(18).
167
Let r(q) = -q**3 + q**2 - 13*q - 38. What is r(0)?
-38
Let z(q) = -q**3 + 10*q**2 + 66*q - 18. What is z(12)?
486
Let s(i) = -10*i**2 - 836*i + 1184. Determine s(-85).
-6
Let a(r) = 307*r - 3674. Calculate a(12).
10
Let b(x) = -x**2 - 408*x + 6349. Give b(15).
4
Let g(m) = m**2 - 6*m - 70. What is g(-6)?
2
Let c(t) = t**2 + 7*t - 36. Determine c(7).
62
Let i(d) = d**3 - 6*d**2 + 4*d + 22. Determine i(3).
7
Let z(l) = -25*l - 75. Give z(-3).
0
Let t(l) = 15*l + 27. Give t(2).
57
Let n(i) = 2*i**3 - 23*i**2 + 10*i + 31. Calculate n(11).
20
Let o(i) = -5*i + 380. Calculate o(14).
310
Let h(b) = -4*b**3 - 17*b**2 + 29*b + 76. Calculate h(-5).
6
Let g(x) = x**3 + 49*x**2 - 108*x - 229. Calculate g(-51).
77
Let b(o) = -10*o**2 + 582*o - 190. What is b(57)?
494
Let b(c) = -2*c**2 + 4*c + 16. Give b(9).
-110
Let a(w) = -w**3 - 60*w**2 + 67*w - 164. Calculate a(-61).
-530
Let j(y) = -56*y + 2794. Calculate j(50).
-6
Let s(t) = -184*t**2 - 1286*t + 45. Determine s(-7).
31
Let j(q) = q**2 - 29*q + 210. Determine j(12).
6
Let u(w) = -2*w**2 + 85*w - 56. Calculate u(41).
67
Let o(n) = -2*n**2 - 2*n + 829. Calculate o(20).
-11
Let f(q) = q**3 - 34*q**2 - 69*q + 9. Calculate f(36).
117
Let x(b) = 14*b - 394. Calculate x(26).
-30
Let h(b) = 30*b - 230. Give h(7).
-20
Let k(d) = -170*d - 592. Determine k(-4).
88
Let p(r) = -6*r**2 - 8*r + 12. Give p(2).
-28
Let c(t) = t**3 - 15*t**2 + 72*t - 178. Determine c(10).
42
Let i(k) = -k**2 + 12*k + 3919. Determine i(-57).
-14
Let x(y) = 132*y**2 + 2911*y + 151. Determine x(-22).
-3
Let d(m) = -74*m**3 - m**2 - 2*m - 2. Give d(-1).
73
Let v(t) = -10*t**2 + 86*t + 27. What is v(9)?
-9
Let n(p) = p**3 - 9*p**2 + 7*p + 23. What is n(9)?
86
Let p(z) = 6*z**2 - 8*z - 5. Determine p(6).
163
Let j(b) = 11*b - 550. Calculate j(56).
66
Let m(o) = -o**3 + 23*o**2 - 128*o - 74. Give m(10).
-54
Let m(k) = 2*k**2 + 131*k - 386. Determine m(3).
25
Let p(x) = 102*x - 4392. Calculate p(43).
-6
Let n(s) = -233*s - 125. Determine n(-2).
341
Let s(d) = -71*d - 39. Determine s(1).
-110
Let i(o) = -21*o**3 + o**2 + 19*o - 38. Calculate i(2).
-164
Let u(w) = 328*w + 2610. Calculate u(-7).
314
Let y(f) = 5*f**2 - 46*f - 361. What is y(-5)?
-6
Let q(n) = -1293*n - 47851. Give q(-37).
-10
Let i(c) = 686*c**2 - 7*c + 8. Calculate i(1).
687
Let a(o) = 14*o**2 + 7*o - 38. What is a(4)?
214
Let z(m) = 3*m**2 + 23*m - 442. Give z(14).
468
Let w(o) = -635*o - 31754. What is w(-50)?
-4